ide 461124252?
False
Does 20 divide 61886631?
False
Does 41 divide 31385248?
False
Does 617 divide 28269770?
False
Is 189162956 a multiple of 9?
False
Is 41 a factor of 328836616?
False
Is 24160396 a multiple of 52?
True
Is 327 a factor of 3466527?
True
Is 19096696 a multiple of 369?
False
Is 423458805 a multiple of 74?
False
Is 2464040 a multiple of 2290?
True
Does 22 divide 1579366379?
False
Is 1123 a factor of 1005937699?
False
Is 31 a factor of 11618359?
False
Does 44 divide 69224610?
False
Does 70 divide 21670251?
False
Does 41 divide 2868199612?
False
Is 85692600 a multiple of 42?
True
Does 18 divide 1329979950?
True
Does 753 divide 362628178?
False
Does 10 divide 240572745?
False
Is 64265230 a multiple of 905?
False
Is 470929679 a multiple of 473?
True
Is 287 a factor of 663025965?
True
Is 11 a factor of 1748944?
False
Is 72613423 a multiple of 23?
False
Is 71 a factor of 14458937?
True
Is 653 a factor of 39785331?
True
Is 1792939686 a multiple of 76?
False
Is 8719 a factor of 813355361?
False
Is 1757 a factor of 957350192?
False
Is 25 a factor of 1056617?
False
Is 459623700 a multiple of 1350?
True
Is 594083989 a multiple of 5219?
True
Is 41 a factor of 31257310?
False
Is 5 a factor of 13658905?
True
Is 16029322 a multiple of 1268?
False
Is 2593 a factor of 195642?
False
Does 6454 divide 1444456832?
True
Is 35 a factor of 1448491380?
True
Does 2608 divide 86168320?
True
Does 79 divide 3189787?
False
Is 46 a factor of 21604176?
True
Is 202 a factor of 29091587?
False
Is 86 a factor of 40718162?
True
Is 3525 a factor of 149584801?
False
Is 20229825 a multiple of 1155?
True
Is 3694 a factor of 104728594?
True
Is 17 a factor of 986017030?
False
Is 722 a factor of 81263266?
True
Does 762 divide 40932705?
False
Is 3362 a factor of 577931162?
True
Is 52305811 a multiple of 11?
False
Is 9878 a factor of 1981526800?
True
Is 4892730 a multiple of 27?
False
Is 50278809 a multiple of 1064?
False
Does 98 divide 447525154?
False
Is 11162105 a multiple of 47?
False
Is 2471910798 a multiple of 93?
True
Does 7 divide 33625682?
False
Is 18717348 a multiple of 78?
True
Is 3506 a factor of 478018558?
True
Is 11707211 a multiple of 17?
False
Is 155728217 a multiple of 2334?
False
Is 52075197 a multiple of 1582?
False
Does 37 divide 30077403?
False
Does 544 divide 85139856?
False
Does 31 divide 4480654440?
True
Is 249348648 a multiple of 2776?
True
Does 1863 divide 335326959?
True
Is 26 a factor of 76410516?
True
Is 29 a factor of 988659213?
True
Is 157704199 a multiple of 3095?
False
Is 12 a factor of 13382220?
True
Is 3159132536 a multiple of 50?
False
Is 17630702 a multiple of 2?
True
Does 17 divide 2309546492?
True
Does 149 divide 31767545?
True
Is 74414742 a multiple of 3?
True
Does 21 divide 792?
False
Does 26 divide 3030160?
False
Is 1688037267 a multiple of 367?
False
Is 41 a factor of 4991453?
False
Is 1075 a factor of 2867897?
False
Is 4436354925 a multiple of 7635?
True
Does 287 divide 17470821?
False
Is 3149024917 a multiple of 1549?
False
Is 151086045 a multiple of 10?
False
Does 13 divide 3754958?
False
Is 17505180 a multiple of 55?
True
Does 891 divide 832283991?
True
Is 89850581 a multiple of 1929?
False
Is 958 a factor of 44219364?
True
Is 10726475 a multiple of 312?
False
Is 14699827 a multiple of 416?
False
Is 17 a factor of 15763845?
True
Does 947 divide 195659670?
True
Does 102 divide 8022568?
False
Is 4 a factor of 12011141?
False
Is 43906114 a multiple of 101?
True
Is 21 a factor of 1076589843?
True
Is 917288298 a multiple of 387?
True
Is 1081 a factor of 657690817?
False
Is 51191030 a multiple of 55?
True
Does 9 divide 2107952636?
False
Does 4938 divide 93268944?
True
Is 146 a factor of 157587731?
False
Does 811 divide 24762912?
False
Does 48 divide 280395888?
True
Is 1394385130 a multiple of 13?
False
Is 550 a factor of 1312323100?
True
Is 2450102 a multiple of 54?
False
Does 24 divide 40121419?
False
Is 553135239 a multiple of 179?
True
Does 1427 divide 22500936?
True
Is 49062114 a multiple of 18?
True
Is 4 a factor of 4344228?
True
Does 4 divide 74863768?
True
Does 98 divide 36558320?
False
Is 2807 a factor of 425218395?
True
Is 126 a factor of 172715634?
True
Is 1285 a factor of 449750000?
True
Does 86 divide 1554475886?
True
Is 122516164 a multiple of 4094?
False
Does 189 divide 20254374?
True
Is 2886822 a multiple of 46?
True
Does 28 divide 765385068?
True
Is 104 a factor of 27801654?
False
Does 12 divide 66560057?
False
Is 519 a factor of 5794697?
False
Is 72 a factor of 955372608?
True
Does 64 divide 472161472?
True
Is 549 a factor of 232707375?
True
Does 67 divide 39962418?
True
Is 262 a factor of 14947100?
True
Does 2 divide 105852040?
True
Is 2712386229 a multiple of 49?
True
Is 24 a factor of 14422324?
False
Is 1561 a factor of 13981877?
True
Is 588097590 a multiple of 5?
True
Is 970 a factor of 4672244?
False
Is 149812000 a multiple of 3246?
False
Is 101 a factor of 47186978?
False
Is 396 a factor of 9964434?
False
Is 214 a factor of 139321352?
False
Does 9 divide 388857375?
True
Is 35 a factor of 13615770?
True
Is 178847034 a multiple of 268?
False
Is 2041 a factor of 460504707?
True
Is 1105830 a multiple of 198?
True
Is 333 a factor of 124257951?
True
Is 28 a factor of 65109268?
True
Is 15 a factor of 5156496?
False
Is 36467755 a multiple of 12?
False
Is 26444642 a multiple of 353?
True
Is 79 a factor of 175435925?
False
Does 772 divide 2600096?
True
Does 134 divide 21575742?
True
Is 6 a factor of 40772740?
False
Is 296 a factor of 288067314?
False
Is 170 a factor of 73003273?
False
Is 162 a factor of 34923636?
True
Is 2057560617 a multiple of 165?
False
Does 3313 divide 329783982?
False
Does 27 divide 45273411?
True
Is 97668762 a multiple of 2771?
False
Does 203 divide 5013694?
True
Is 609260322 a multiple of 22?
True
Is 9 a factor of 186651423?
True
Is 49673820 a multiple of 60?
True
Is 802 a factor of 64059760?
False
Is 216 a factor of 7104240?
True
Is 2168 a factor of 25608804?
False
Does 84 divide 26194896?
True
Is 53155176 a multiple of 24?
True
Is 29 a factor of 1669969?
False
Does 2962 divide 17487648?
True
Is 121361500 a multiple of 3250?
True
Does 5 divide 142149749?
False
Is 232 a factor of 393631616?
True
Is 50 a factor of 23876539?
False
Does 282 divide 25350391?
False
Does 3 divide 147333032?
False
Does 12010 divide 1311737785?
False
Does 1126 divide 2421644507?
False
Does 9 divide 721423946?
False
Does 80 divide 34967120?
True
Does 33 divide 1454663859?
True
Is 84396515 a multiple of 34?
False
Is 29019290 a multiple of 153?
False
Is 1219397885 a multiple of 582?
False
Is 1215925200 a multiple of 5650?
True
Does 432 divide 4807893?
False
Is 101572500 a multiple of 145?
True
Is 70 a factor of 21839720?
True
Does 1347 divide 1253492607?
True
Does 253 divide 1097609857?
False
Is 375969140 a multiple of 20?
True
Does 804 divide 574976580?
True
Is 771 a factor of 323704221?
False
Does 721 divide 54306441?
True
Is 28 a factor of 282870196?
True
Is 115 a factor of 19715830?
True
Is 1929 a factor of 157061418?
False
Does 124 divide 7191707?
False
Is 2995778 a multiple of 422?
True
Does 20 divide 223860?
True
Does 20 divide 2143413220?
True
Does 35 divide 263870635?
True
Does 84 divide 67403002?
False
Is 1931825 a multiple of 1577?
True
Is 41459932 a multiple of 583?
False
Does 42 divide 271076850?
False
Is 70263248 a multiple of 44?
True
Does 387 divide 8503594?
False
Is 260532356 a multiple of 43?
True
Is 30327729 even?
False
Is 915 a factor of 3513782085?
True
Is 1171065394 a multiple of 118?
True
Is 178505898 a multiple of 141?
False
Does 9 divide 834732?
True
Does 13 divide 88552971?
True
Does 26 divide 1175585034?
True
Is 1014554925 a multiple of 985?
True
Is 22470425 a multiple of 1199?
False
Is 153335018 a multiple of 432?
False
Is 242682973 a multiple of 693?
False
Is 17173945 a multiple of 415?
True
Is 41 a factor of 198150417?
True
Is 66473855 a multiple of 4655?
False
Does 7 divide 423642975?
True
Is 1368690346 a multiple of 38?
True
Is 213217227 a multiple of 8?
False
Is 408 a factor of 21981816?
True
Is 33 a factor of 41292413?
False
Does 6 divide 19557066?
True
Does 64 divide 25629440?
True
Does 6 divide 263442032?
False
Is 92 a factor of 74103424?
True
Is 33 a factor of 45768644?
False
Is 18 a